6023104695 prime?
False
Is 359173757 prime?
False
Is 585033034 a prime number?
False
Is 50235694039 a composite number?
False
Is 3831984677 a prime number?
False
Is 25445069737 prime?
False
Is 728852851 composite?
False
Is 799325473 a prime number?
True
Is 860516009 a composite number?
False
Is 29490519379 composite?
False
Is 5794861379 prime?
True
Is 1201045931 a prime number?
True
Is 9025454327 a prime number?
False
Is 167600977961 composite?
False
Is 589712353 composite?
True
Is 21238800593 composite?
False
Is 60977129 composite?
False
Is 617280823 a composite number?
False
Is 624790271 composite?
True
Is 5291208431 a composite number?
False
Is 2819009797 prime?
False
Is 103452247 prime?
True
Is 1001432205263 a prime number?
False
Is 20479925521 a prime number?
False
Is 4157047033 a composite number?
True
Is 3510552869 prime?
True
Is 306855071 prime?
False
Is 234284983 prime?
True
Is 15629237755 composite?
True
Is 1924754849 a composite number?
False
Is 6524220607 a prime number?
True
Is 36863608549 a prime number?
True
Is 3327383855 a composite number?
True
Is 77613673403 composite?
True
Is 5690801423 composite?
False
Is 1150583039 a prime number?
True
Is 21755373811 prime?
True
Is 5833581583 a prime number?
True
Is 61844057161 a prime number?
True
Is 7612689057 a prime number?
False
Is 128212889 a composite number?
True
Is 56206757 prime?
True
Is 471808819 a composite number?
True
Is 4949816783 a prime number?
False
Is 2076614849 a composite number?
False
Is 247751797 a composite number?
True
Is 12900802181 composite?
True
Is 14362523509 prime?
False
Is 4073667187 a prime number?
False
Is 22393247 a prime number?
True
Is 572169641 prime?
True
Is 977506657 a prime number?
True
Is 177630787 a composite number?
True
Is 1251026255 composite?
True
Is 2761317353 a prime number?
True
Is 12404568803 a composite number?
True
Is 77171254991 prime?
False
Is 571099861 composite?
False
Is 183668426107 a composite number?
False
Is 16387978057 a prime number?
False
Is 1834417961 a prime number?
False
Is 137462599 a prime number?
False
Is 68481149669 prime?
False
Is 3009964091 prime?
True
Is 4248590261 prime?
False
Is 5009957051 a prime number?
False
Is 129601287715 composite?
True
Is 79469687 a composite number?
True
Is 44762894173 a composite number?
True
Is 636474323 prime?
False
Is 47963104927 a prime number?
False
Is 200408179 prime?
True
Is 101707961 a prime number?
False
Is 2175664379 a prime number?
False
Is 85002089063 a composite number?
True
Is 1251548549 a prime number?
False
Is 469009 a composite number?
False
Is 117588457 composite?
True
Is 586835987 composite?
False
Is 4603903 a prime number?
False
Is 191551547309 prime?
False
Is 103511784667 prime?
True
Is 34751715041 composite?
False
Is 1997574533 composite?
False
Is 3150104869 composite?
True
Is 8289691979 a prime number?
True
Is 513453053 prime?
True
Is 1859767753 a prime number?
True
Is 564015853 composite?
False
Is 13373555563 prime?
False
Is 1887919699 a prime number?
False
Is 48525526337 a prime number?
False
Is 2935907653 a prime number?
False
Is 2906165573 a prime number?
True
Is 218204713 a composite number?
True
Is 211384023 prime?
False
Is 30831013831 a prime number?
False
Is 12382846367 composite?
True
Is 1109169221 a composite number?
False
Is 67951858591 composite?
True
Is 6024203 prime?
False
Is 918019339 a prime number?
True
Is 1700586911 a composite number?
False
Is 105098621753 a composite number?
True
Is 622641203 prime?
True
Is 8270006279 a prime number?
True
Is 28901989759 composite?
True
Is 12974438609 a prime number?
False
Is 133876673221 prime?
False
Is 177509926141 prime?
True
Is 354979139 prime?
True
Is 28762302659 a prime number?
False
Is 1236712811 a prime number?
False
Is 5475642157 prime?
True
Is 1067244289 composite?
True
Is 290057083 a composite number?
True
Is 830475707 composite?
False
Is 1698672361 a composite number?
True
Is 44016883297 a prime number?
False
Is 32872350629 prime?
False
Is 6875729501 composite?
False
Is 1224301553 a composite number?
False
Is 97496997737 composite?
False
Is 9931707767 a composite number?
False
Is 624963527 a composite number?
True
Is 2140610239 prime?
True
Is 4754443471 a composite number?
False
Is 78976004039 prime?
True
Is 413813034605 prime?
False
Is 6354869491 a composite number?
False
Is 45740493647 prime?
True
Is 35923447657 composite?
False
Is 2347216457 a prime number?
True
Is 70078888219 a prime number?
True
Is 80819119 prime?
False
Is 4851578877 a composite number?
True
Is 25556690089 composite?
True
Is 4502493445 a prime number?
False
Is 1174793033 a prime number?
False
Is 8700533893 composite?
False
Is 1237431935 composite?
True
Is 1133826769 a composite number?
False
Is 29314513637 a composite number?
False
Is 7235310839 prime?
True
Is 212691049 a prime number?
True
Is 308121257 prime?
True
Is 2672619847 a composite number?
False
Is 368484877 composite?
True
Is 1774948607 a composite number?
True
Is 10186215803 composite?
True
Is 151249145153 composite?
True
Is 121612993 prime?
True
Is 110477555707 a prime number?
True
Is 6123020873 composite?
False
Is 11623174597 a composite number?
False
Is 72100962529 a prime number?
True
Is 226130743 composite?
False
Is 16315125803 prime?
False
Is 355007333 prime?
True
Is 33319411 composite?
True
Is 91560552859 prime?
False
Is 525925627 a composite number?
False
Is 6639574069 prime?
True
Is 61742508694 composite?
True
Is 3543769469 prime?
True
Is 15105489715 prime?
False
Is 60239771 composite?
True
Is 18970132187 prime?
True
Is 12865505171 a composite number?
True
Is 599504159 composite?
False
Is 8404321781 a composite number?
True
Is 1671809521 a prime number?
True
Is 492366863 prime?
False
Is 18453782929 prime?
False
Is 501416402 a prime number?
False
Is 8114341303 prime?
False
Is 1683126397 composite?
True
Is 121348319 prime?
True
Is 962102399 composite?
True
Is 3059136939 a composite number?
True
Is 217600783 a composite number?
True
Is 707368535 prime?
False
Is 1807838341 prime?
False
Is 841046813 a prime number?
True
Is 4080329563 prime?
True
Is 9661150933 a prime number?
False
Is 4809555467 a prime number?
True
Is 46492120363 a prime number?
False
Is 550477313 composite?
False
Is 725397377 a composite number?
False
Is 39260583409 a prime number?
False
Is 588747449 a composite number?
True
Is 298676033 a composite number?
True
Is 2705201467 composite?
True
Is 6681940169 a prime number?
False
Is 17263583699 composite?
False
Is 10802336357 composite?
False
Is 2242173839 a composite number?
True
Is 1568624774 a composite number?
True
Is 14554522459 composite?
True
Is 545416213 a composite number?
False
Is 16678863401 a prime number?
True
Is 1346383735 prime?
False
Is 5849570003 prime?
True
Is 589778717 composite?
True
Is 466947193 a prime number?
True
Is 186964291 prime?
False
Is 4330218007 a prime number?
False
Is 1976139829 a prime number?
False
Is 18336805093 prime?
False
Is 9693492437 a prime number?
True
Is 2951330881 a composite number?
True
Is 1199854927 composite?
False
Is 276169951 a composite number?
True
Is 7850819267 a prime number?
True
Is 1190578661 a composite number?
True
Is 3655947569 prime?
True
Is 541546261 composite?
True
Is 337300571 prime?
True
Is 4885841677 a composite number?
True
Is 142695192649 a composite number?
False
Is 38364995741 composite?
True
Is 178460839 a prime number?
False
Is 12829775549 a prime number?
True
Is 765359557 prime?
True
Is 5407129999 a prime number?
True
Is 200874337081 a prime number?
False
Is 7481375201 a prime number?
True
Is 394212869 a composite number?
False
Is 83720257 prime?
False
Is 436398553 a prime number?
True
Is 78553614677 a prime number?
True
Is 12290764243 composite?
False
Is 1913787457 a composite number?
True
Is 336438649 a prime number?
False
Is 20401912171 a prime number?
False
Is 7535072689 a composite number?
True
Is 44084723885 a prime number?
False
Is 2815291439 composite?
True
Is 29693342183 prime?
True
Is 394844029 composite?
True
Is 57756731 composite?
True
Is 411498137 a composite number?
True
Is 304546303 prime?
False
Is 5349081203 composite?
True
Is 49759939459 composite?
False
Is 10549116529 composite?
True
Is 7270759981 a prime number?
False
Is 10692599 a prime number?
True
Is 402